(base 15) to base 10
-763476
-7701764 (base 8) to base 14
-3ba9a4
What is -115832 (base 15) in base 12?
-33b702
What is -33322032221 (base 4) in base 11?
-2399534
What is -5c6435 (base 15) in base 14?
-832b67
Convert -3035041 (base 6) to base 2.
-100011011001000001
Convert -20012202111021 (base 3) to base 15.
-453584
Convert -21012011221 (base 4) to base 7.
-26160055
Convert 6699346 (base 10) to base 11.
3866355
What is -76967 (base 14) in base 3?
-112121000012
What is 112031100210 (base 4) in base 16?
58d424
What is 5b20 (base 14) in base 7?
64240
1300321302 (base 4) to base 7
3634152
2a598 (base 13) to base 6
1414354
What is e4fe (base 16) in base 12?
29b12
Convert -36437 (base 10) to base 3.
-1211222112
Convert 4904e (base 16) to base 11.
194787
Convert 122144312 (base 5) to base 9.
1080487
-11022111210 (base 3) to base 7
-502425
Convert -5373323 (base 8) to base 4.
-11133123103
What is 165451 (base 8) in base 7?
340341
1002010221110 (base 3) to base 5
121324211
What is -279d9 (base 14) in base 4?
-113323023
Convert -8a6556 (base 12) to base 4.
-20123112102
64413 (base 16) to base 5
101120033
66928 (base 11) to base 6
2024503
Convert 9a854a (base 13) to base 3.
20212020000001
-111110101111011110010 (base 2) to base 16
-1f5ef2
Convert -52248 (base 11) to base 13.
-28887
What is -780cd6 (base 14) in base 5?
-2020342021
Convert -11522322 (base 6) to base 16.
-59fea
122210130 (base 4) to base 11
74845
6b7115 (base 13) to base 5
1123314440
What is 1014420312 (base 5) in base 14?
3cc0d8
What is 101111010001010001 (base 2) in base 8?
572121
Convert -11068 (base 13) to base 7.
-155632
-2387 (base 11) to base 5
-44440
-220320330323 (base 4) to base 3
-202011120202022
-10001011111111101 (base 2) to base 6
-1311501
What is -110321045 (base 6) in base 9?
-3655802
-623425 (base 7) to base 2
-11010000110001000
What is 10142143 (base 5) in base 15?
19d83
Convert -5a159 (base 13) to base 16.
-2849a
What is -303056 (base 13) in base 9?
-2087075
-31202321022 (base 4) to base 6
-204034510
What is -352729 (base 10) in base 8?
-1260731
What is 11020214 (base 5) in base 7?
544066
Convert 3100022321 (base 4) to base 6.
30135305
-142637 (base 9) to base 6
-1512011
4000033 (base 7) to base 13
136297
What is 120001101100 (base 3) in base 9?
501340
What is -120425111 (base 6) in base 5?
-1040234212
What is -340837 (base 9) in base 11?
-12a361
446694 (base 10) to base 11
285676
178565 (base 9) to base 10
111272
10001100110100 (base 2) to base 3
110100210
-3bba2 (base 13) to base 2
-11011010011100001
Convert c20dc (base 14) to base 12.
1a6096
Convert -220011032300 (base 4) to base 3.
-201202211010222
255675 (base 11) to base 14
a6ad4
6358 (base 12) to base 6
122152
Convert 707110 (base 8) to base 6.
4554504
What is 61a18 (base 11) in base 3?
11121000101
What is 387a38 (base 14) in base 5?
444121033
What is -3111253 (base 7) in base 12?
-15b78a
What is -8744911 (base 10) in base 8?
-41267717
What is 3400145 (base 6) in base 15?
35a92
Convert -14a7b6 (base 13) to base 3.
-221211222220
Convert -12603340 (base 8) to base 2.
-1010110000011011100000
Convert 21630 (base 8) to base 10.
9112
-13245 (base 15) to base 2
-1110111101010001
-41409 (base 16) to base 13
-94866
-101172 (base 10) to base 3
-12010210010
Convert -1131122011 (base 4) to base 6.
-12111141
-111101111111101001100 (base 2) to base 6
-111312444
What is -1446160 (base 8) in base 9?
-688208
What is -104dc86 (base 14) in base 8?
-35350576
-111011000210 (base 3) to base 16
-3f300
-dbc6a (base 16) to base 3
-1200201211211
What is 100010010011100011 (base 2) in base 3?
21010202021
Convert 111101010111111100011 (base 2) to base 16.
1eafe3
33644635 (base 8) to base 2
11011110100100110011101
-118dffc (base 16) to base 3
-1021122012020022
111021200210 (base 3) to base 10
261489
Convert -3337252 (base 8) to base 16.
-dbeaa
106ac1 (base 14) to base 4
2013312001
1102111200222 (base 3) to base 12
30675b
What is -e6d5 (base 15) in base 10?
-48800
What is -1920c1 (base 13) in base 10?
-632893
13100002 (base 5) to base 8
372177
Convert -150867 (base 12) to base 3.
-122222020121
What is -201063 (base 10) in base 12?
-98433
-10004135 (base 7) to base 12
-339512
Convert -15146c (base 14) to base 4.
-2303011120
What is -10112112212 (base 3) in base 4?
-101000120
Convert -3ab01b (base 12) to base 13.
-280a96
2004d8 (base 14) to base 9
2020756
What is 5c594 (base 15) in base 4?
1013333221
-118433 (base 9) to base 14
-1c244
-8528e (base 15) to base 11
-269444
Convert 1111000020120 (base 3) to base 13.
217599
What is 725b2 (base 15) in base 14?
9610d
Convert -100014002 (base 6) to base 4.
-12122211302
3f5d4d (base 16) to base 9
7728328
3242332 (base 5) to base 15
118b2
Convert -836007 (base 9) to base 10.
-496456
Convert 2058b (base 13) to base 4.
32023202
-22212323130 (base 4) to base 14
-525632
Convert 45409 (base 12) to base 13.
32c4c
70829 (base 10) to base 15
15ebe
Convert -10001010100101 (base 2) to base 3.
-110011111
Convert -59862 (base 12) to base 15.
-25a58
What is 30a0a7 (base 12) in base 5?
143421103
10220014 (base 5) to base 9
140418
What is 20002124 (base 5) in base 8?
461573
What is 21213403 (base 5) in base 12?
87878
What is -2167 (base 8) in base 11?
-94a
Convert -290424 (base 15) to base 5.
-1001202214
Convert -3264205 (base 7) to base 4.
-1202100022
Convert 1379211 (base 10) to base 13.
393a02
Convert -10201221111121 (base 3) to base 8.
-7450514
What is 3681052 (base 9) in base 13?
55125b
30001021 (base 5) to base 8
712017
What is -14a41 (base 14) in base 16?
-c8d1
Convert -287126 (base 10) to base 14.
-768d0
Convert 17714426 (base 8) to base 6.
225200034
-1173103 (base 9) to base 13
-19492b
-2953689 (base 12) to base 10
-8321289
Convert 222033233110 (base 4) to base 12.
3860a44
What is 1205045 (base 6) in base 5?
4011232
What is 2583778 (base 12) in base 9?
14810752
-221000012110 (base 3) to base 16
-782be
Convert -122831 (base 13) to base 15.
-889bb
What is -422087 (base 9) in base 6?
-5213211
-332177 (base 16) to base 5
-1324212103
What is 132201433 (base 5) in base 3?
1020200010001
What is 20202210210 (base 3) in base 10?
133266
What is 23110100 (base 4) in base 9?
70522
Convert 1020120001 (base 3) to base 16.
5f8f
-24189 (base 16) to base 5
-14212344
What is 24264533 (base 8) in base 15?
705cc7
Convert 44fa60 (base 16) to base 6.
240520240
100010110111001111100 (base 2) to base 4
10112321330
1254551 (base 6) to base 10
69763
Convert 326ba70 (base 12) to base 16.
927e34
What is -48628 (base 14) in base 4?
-223022330
Convert -1011122020 (base 3) to base 13.
-a662
Convert 3939a20 (base 12) to base 10.
11276664
What is -22140343 (base 5) in base 10?
-193223
What is 321412320 (base 5) in base 6?
45031214
7b1923 (base 14) to base 12
14a1a37
-11100121100112 (base 3) to base 12
-937728
Convert 4122122 (base 5) to base 16.
1065a
What is -176310 (base 10) in base 5?
-21120220
Convert 25035002 (base 6) to base 8.
3026652
What is -111112201 (base 4) in base 8?
-252641
Convert -320897 (base 10) to base 9.
-538162
What is -477630 (base 8) in base 12?
-7a908
-4030682 (base 9) to base 6
-113555115
Convert -5057431 (base 8) to base 3.
-2111211100212
Convert -70206 (base 10) to base 5.
-4221311
-100011110000010110001011 (base 2) to base 7
-142445504
What is -122221211011 (base 3) in base 2?
-1010110010010011010
What is 11010211200201 (base 3) in base 6?
115103244
Convert -404232 (base 8) to base 5.
-13231044
241303233 (base 5) to base 10
1119193
-765db (base 16) to base 2
-1110110010111011011
What is 97706 (base 10) in base 6?
2032202
Convert 2305823 (base 11) to base 13.
ab314a
Convert 5003874 (base 9) to base 8.
12113413
Convert -dba01c (base 14) to base 12.
-25aa6a2
Convert -22847813 (base 9) to base 13.
-23ca606
-201d0 (base 15) to base 10
-101670
Convert a160b4 (base 13) to base 7.
43625666
17875 (base 15) to base 8
224600
What is -12493 (base 16) in base 2?
-10010010010010011
-de3f (base 16) to base 9
-86036
-3550141 (base 6) to base 13
-664c9
Convert -1303423312 (base 5) to base 3.
-12222212111001
-5526663 (base 7) to base 10
-679479
What is -202671 (base 8) in base 7?
-366224
Convert -2212011132 (base 4) to base 3.
-1021120011210
100111010010100000111101 (base 2) to base 10
10299453
Convert 17032226 (base 9) to base 